j(-59).
-17
Let k(w) = 2*w**2 + 39*w - 327. Calculate k(7).
44
Let d(v) = v**3 + 6*v**2 - 2*v - 46. Give d(0).
-46
Let t(a) = -a**2 + 52*a - 637. Calculate t(20).
3
Let r(p) = p**2 - 55*p + 662. What is r(37)?
-4
Let h(k) = k**2 + 12*k + 63. Give h(-24).
351
Let d(x) = 794*x + 15082. Give d(-19).
-4
Let a(q) = -608*q - 1193. What is a(-2)?
23
Let m(l) = 17*l**2 - 45*l + 8. What is m(5)?
208
Let t(n) = 8*n**2 + 10*n. Give t(0).
0
Let v(u) = -7*u**3 - 41*u**2 + 10*u + 37. Give v(-6).
13
Let y(j) = -j**2 + 6*j - 4. Calculate y(0).
-4
Let q(g) = -g**2 + 592*g - 4083. Determine q(7).
12
Let l(n) = 262*n - 268. Give l(1).
-6
Let v(f) = -2*f**3 - 4*f**2 + 3*f + 16. Determine v(-3).
25
Let a(p) = 2*p**3 + 17*p**2 - 59*p - 11. Calculate a(4).
153
Let n(t) = 5*t + 119. Give n(-24).
-1
Let b(d) = d**2 - 59*d - 1195. Determine b(75).
5
Let u(z) = 30*z + 51. Give u(-7).
-159
Let b(z) = -25*z - 36. What is b(-4)?
64
Let p(w) = -25*w - 26. Calculate p(-5).
99
Let l(a) = a**3 - 7*a**2 - 6*a - 16. Calculate l(9).
92
Let w(g) = g**2 + 41*g + 218. Determine w(-34).
-20
Let m(p) = -155*p - 507. What is m(-7)?
578
Let v(h) = -h**3 + 27*h**2 - 4. What is v(27)?
-4
Let u(s) = -7*s**2 - 67*s + 13. Calculate u(-11).
-97
Let u(n) = n**3 + 19*n + 41. Give u(-2).
-5
Let w(m) = 222*m + 2177. Calculate w(-10).
-43
Let f(k) = -7*k**3 - 7*k**2 + 42*k. Give f(-4).
168
Let p(r) = 42*r + 1601. Calculate p(-37).
47
Let o(p) = -53*p - 42. Determine o(5).
-307
Let v(k) = -k**2 - 58*k - 314. What is v(-49)?
127
Let o(b) = 18*b**3 + 10*b**2 - 4*b - 1. What is o(-1)?
-5
Let b(c) = c**2 + 4*c - 556. Calculate b(22).
16
Let v(o) = 87*o + 1277. Calculate v(-15).
-28
Let n(w) = -w**3 + 17*w**2 + 56*w + 63. What is n(20)?
-17
Let j(f) = f**3 + 14*f**2 + 53*f + 18. Give j(-7).
-10
Let b(d) = 7*d**2 + 27*d - 2. What is b(-4)?
2
Let i(s) = s**2 - 324*s - 2257. Calculate i(-7).
60
Let g(b) = -41375*b - 496498. Determine g(-12).
2
Let y(a) = -54*a**2 - 4. What is y(2)?
-220
Let r(y) = 10*y**2 + 267*y - 1. Give r(-27).
80
Let j(a) = a**3 + 21*a**2 + 74*a + 102. Give j(-17).
0
Let x(k) = 12*k**2 + 401*k - 244. Give x(-34).
-6
Let j(h) = -h**2 + 10171*h + 40696. Calculate j(-4).
-4
Let b(t) = -580*t + 2316. Give b(4).
-4
Let k(z) = -201*z - 7244. What is k(-36)?
-8
Let g(d) = -19*d**2 + 31*d + 10. Determine g(2).
-4
Let h(c) = -2*c**2 - 16*c + 58. Calculate h(-15).
-152
Let z(r) = -504*r + 1027. What is z(2)?
19
Let j(l) = l**3 + 41*l**2 + 5*l + 71. Calculate j(-41).
-134
Let x(p) = p**2 + 130*p - 812. What is x(6)?
4
Let q(y) = y**3 - 9*y**2 - 187*y - 29. Give q(19).
28
Let w(s) = 9*s + 120. Calculate w(-4).
84
Let f(v) = -2*v**2 + 61*v - 316. What is f(21)?
83
Let v(x) = x**3 + 20*x**2 + 51*x - 165. Give v(-11).
363
Let g(v) = 175*v - 169. What is g(1)?
6
Let a(p) = p**2 - 348*p + 6281. What is a(19)?
30
Let l(f) = -9*f**2 + 160*f - 21. What is l(18)?
-57
Let b(n) = -2*n**3 - 25*n**2 + 80*n + 214. Give b(4).
6
Let g(d) = -154*d + 11090. Calculate g(72).
2
Let k(z) = 23*z - 771. Determine k(32).
-35
Let o(u) = -12*u - 158. What is o(-18)?
58
Let h(o) = -94*o + 1677. Give h(18).
-15
Let a(p) = 3*p**2 + 10*p + 14. Give a(-7).
91
Let y(o) = -21*o**2 + 13*o + 252. Give y(-8).
-1196
Let q(b) = -4*b**2 - 411*b - 741. Determine q(-101).
-34
Let i(s) = -1572*s + 4726. Determine i(3).
10
Let s(o) = o**2 + 37*o - 135. Give s(0).
-135
Let t(u) = 2*u**3 + 38*u**2 + 178*u + 26. Give t(-11).
4
Let s(y) = -36*y + 695. Give s(18).
47
Let u(b) = -89*b - 840. Calculate u(-10).
50
Let j(t) = -6*t**3 + 3*t. Give j(2).
-42
Let m(s) = -s**2 + 6*s - 248. Calculate m(0).
-248
Let q(n) = 2*n**3 + 71*n**2 + 493*n - 40. Determine q(-26).
-14
Let h(o) = -o**3 - 13*o**2 - o + 235. What is h(-11)?
4
Let x(o) = o**2 + 138*o - 1455. Determine x(10).
25
Let t(q) = 2*q**3 + 22*q**2 + 62*q + 20. Calculate t(-4).
-4
Let x(q) = -q**2 - 15*q + 374. Calculate x(13).
10
Let p(c) = -357*c + 8216. Give p(23).
5
Let m(c) = 3*c**3 - 12*c**2 - 69*c + 330. Calculate m(5).
60
Let l(m) = 12*m - 37. What is l(-3)?
-73
Let f(y) = -8*y - 204. What is f(-26)?
4
Let h(w) = w**2 - 444*w - 3613. Determine h(-8).
3
Let p(v) = -v**2 + 18*v - 71. Give p(6).
1
Let m(i) = -16*i**2 + 142*i - 11. What is m(9)?
-29
Let u(n) = 81*n**2 - 20*n - 19. Give u(-1).
82
Let t(w) = 18*w + 19. What is t(-11)?
-179
Let h(o) = -o**3 - 4*o**2 + 283*o - 35. Give h(-19).
3
Let j(f) = -17*f**2 + 211*f - 12. Determine j(12).
72
Let p(o) = 2*o**3 + 69*o**2 - 35*o - 69. What is p(-35)?
-69
Let h(j) = j**3 + 2*j**2 - 4*j - 8. Calculate h(0).
-8
Let a(w) = -2*w**2 - 496*w - 13467. Determine a(-31).
-13
Let o(a) = -8*a + 15. Determine o(10).
-65
Let r(k) = -3*k**3 - 146*k**2 - 368*k. What is r(-46)?
0
Let i(s) = 3*s**2 + 25*s + 4. Give i(-9).
22
Let t(u) = -2*u**3 - 85*u**2 - 46*u + 203. Calculate t(-42).
371
Let i(j) = j**3 - 22*j**2 + 108*j + 21. Give i(8).
-11
Let p(s) = 6*s**2 + 52*s - 2. Give p(-8).
-34
Let u(l) = 6*l + 47. Calculate u(11).
113
Let b(m) = 26*m + 280. Give b(-13).
-58
Let k(l) = l**3 + 10*l**2 + 2*l + 33. Calculate k(-5).
148
Let k(o) = o**3 + 54*o**2 + 41*o + 75. Give k(-53).
711
Let l(p) = -953*p + 15239. What is l(16)?
-9
Let c(s) = -s**3 - 12*s**2 - 35*s - 138. Calculate c(-9).
-66
Let f(n) = -n**3 - 30*n**2 - 63*n - 105. What is f(-28)?
91
Let s(k) = -117*k - 3653. Determine s(-31).
-26
Let v(l) = l**3 + 16*l**2 - 13*l + 184. Determine v(-17).
116
Let y(n) = 89*n - 4684. Determine y(52).
-56
Let y(r) = r**2 + 96*r - 701. What is y(7)?
20
Let j(o) = -8*o**2 + 689*o - 107. Determine j(86).
-21
Let t(r) = r**3 + 100*r**2 - 109*r - 779. Give t(-101).
29
Let w(z) = -z**3 + 27*z**2 + 22*z - 351. Calculate w(26).
897
Let m(b) = -19*b**3 + 133*b**2 - 213*b + 1487. Give m(7).
-4
Let y(v) = -2*v**2 + 3*v + 4. Determine y(4).
-16
Let g(a) = a**3 + 16*a**2 + 7*a - 6. Calculate g(-4).
158
Let g(x) = x**2 - 26*x + 58. Calculate g(28).
114
Let s(b) = 272*b + 592. What is s(-3)?
-224
Let r(l) = -6*l**2 + 57*l - 216. Determine r(4).
-84
Let c(v) = -7*v + 25. Give c(2).
11
Let k(s) = -26*s - 1980. Determine k(-77).
22
Let n(r) = 9*r**2 - 125*r + 6. Determine n(14).
20
Let j(w) = w**2 - 68*w - 447. Calculate j(-6).
-3
Let y(i) = 75*i**3 + 4*i**2 + 2*i + 1. What is y(-1)?
-72
Let l(w) = -32*w**2 + 593*w - 283. What is l(18)?
23
Let r(u) = 110*u**2 - 498*u + 506. Give r(3).
2
Let o(w) = -91*w + 2613. Calculate o(28).
65
Let l(q) = 53*q + 829. Calculate l(-17).
-72
Let t(p) = -p**3 - 19*p**2 - 3*p + 282. What is t(-18)?
12
Let z(a) = 26*a + 58. Determine z(18).
526
Let p(a) = 74*a**2 - 2145*a - 33. Determine p(29).
-4
Let a(m) = m**2 - 65*m + 801. What is a(50)?
51
Let b(n) = -79*n + 4233. What is b(54)?
-33
Let g(f) = -8*f**2 - 60*f - 136. Determine g(-5).
-36
Let w(p) = -700*p + 3473. What is w(5)?
-27
Let c(h) = 11*h**2 + 66*h - 425. Give c(6).
367
Let m(o) = -2*o**2 + 1107*o - 22367. What is m(21)?
-2
Let c(d) = -51*d - 182. Calculate c(-3).
-29
Let v(c) = -151*c - 1178. Give v(-8).
30
Let s(o) = 2*o**2 + 10*o - 53. Give s(16).
619
Let q(j) = -j**2 - 5*j + 9. Give q(-10).
-41
Let b(o) = -350*o - 1401. Determine b(-4).
-1
Let p(s) = 3*s**3 + 7*s**2 - 42*s - 48. Determine p(-1).
-2
Let k(b) = b**2 - 360*b + 4170. Give k(12).
-6
Let o(s) = 21*s**3 + 3*s**2 - 4*s + 6. What is o(2)?
178
Let l(g) = -3*g**3 - 3*g**2 - 2*g - 3. What is l(-4)?
149
Let r(v) = v**3 + 9*v**2 - 91*v - 14. Calculate r(-15).
1
Let c(q) = q**3 - 55*q**2 + 415*q. Determine c(9).
9
Let w(x) = 22*x - 821. Calculate w(37).
-7
Let f(g) = -3*g**3 + 5*g**2 + 8*g - 10. Give f(-4).
230
Let f(v) = 1437*v + 300343. Calculate f(-209).
10
Let t(s) = -s**2 + 11*s + 71. Calculate t(12).
59
Let d(t) = t**3 - 145*t**2 - 2402*t - 39. Give d(-15).
-9
Let w(t) = t**3 - 9*t**2 - 19*t + 71. Give w(10).
-19
Let s(d) = -17*d + 117. What is s(-6)?
219
Let z(d) = -d**2 + 63*d + 9. What is z(2)?
131
Let n(y) = 5*y - 11. What is n(5)?
14
Let b(y) = y**3 - 81*y**2 + 80*y + 352. Calculate b(80).
352
Let p(h) = -h**3 + 9*h**2 - 34*h + 89. What is p(5)?
19
Let f(o) = -24*o**2 + 1631*o + 66. Determine f(68).
-2
Let c(a) = a**3 - 4*a**2 + 23*a - 828. Determine c(10).
2
Let j(o) = -9*o**2 + 20*o + 23. Calculate j(-1).
-6
Let p(r) = 3*r**2 - 214*r + 677. Calculate p(68).
-3
Let m(x) = -x**3 + 4*x**2 + 6*x + 240. What is m(0)?
240
Let 